{"id":60,"date":"2023-04-13T08:43:17","date_gmt":"2023-04-13T07:43:17","guid":{"rendered":"https:\/\/rundertisch-menschenrechte.at\/?page_id=60"},"modified":"2024-07-02T10:01:02","modified_gmt":"2024-07-02T09:01:02","slug":"stellungnahmen","status":"publish","type":"page","link":"https:\/\/rundertisch-menschenrechte.at\/index.php\/stellungnahmen\/","title":{"rendered":"Stellungnahmen"},"content":{"rendered":"\n<h5 class=\"wp-block-heading\"><a href=\"https:\/\/rundertisch-menschenrechte.at\/wp-content\/uploads\/2023\/10\/Alter-und-Pflege-Empfehlungen-RTMR-1.pdf\" data-type=\"link\" data-id=\"https:\/\/rundertisch-menschenrechte.at\/wp-content\/uploads\/2023\/10\/Alter-und-Pflege-Empfehlungen-RTMR-1.pdf\">2023 Alter und Pflege: Situation und Empfehlungen<\/a><\/h5>\n\n\n\n<h5 class=\"wp-block-heading\"><a href=\"https:\/\/rundertisch-menschenrechte.at\/wp-content\/uploads\/2023\/10\/Beitrag-UN-aus-Salzburg-2023.pdf\">2023 F\u00fcr den Hohen Kommissar der Vereinten Nationen f\u00fcr Menschenrechte zum Thema \u201eKommunalverwaltungen und Menschenrechte\u201c: Deutsch <\/a><a href=\"https:\/\/rundertisch-menschenrechte.at\/wp-content\/uploads\/2023\/10\/Input-UN-City-of-Salzburg-2023.pdf\">      <\/a><a href=\"https:\/\/rundertisch-menschenrechte.at\/wp-content\/uploads\/2023\/10\/Input-UN-City-of-Salzburg-2023.pdf\">Englisch<\/a><\/h5>\n\n\n\n<h5 class=\"wp-block-heading\"><a href=\"https:\/\/rundertisch-menschenrechte.at\/wp-content\/uploads\/2023\/09\/2021-Stellungnahme_RTMR_SUG.pdf\" data-type=\"attachment\" data-id=\"171\">2021 Kinder und Wohnungslose als Verlierer*innen der neuen Sozialgesetzgebung<\/a><\/h5>\n\n\n\n<h5 class=\"wp-block-heading\"><a href=\"https:\/\/rundertisch-menschenrechte.at\/wp-content\/uploads\/2023\/09\/2021-Stellungnahme_RTMR_Stra\u00b7ennamen.pdf\" data-type=\"attachment\" data-id=\"170\">2021 Umbenennung von Stra\u00dfen dringend geboten<\/a><\/h5>\n\n\n\n<h5 class=\"wp-block-heading\"><a href=\"https:\/\/rundertisch-menschenrechte.at\/wp-content\/uploads\/2023\/09\/2021-Stellungnahme-COV19-Ma\u00b7nahmen-Auswirkungen04-Kinder-und-Jugendliche.pdf\" data-type=\"attachment\" data-id=\"169\">2021 R\u00fcckkehr zur Normalit\u00e4t f\u00fcr Kinder und Jugendliche dringend geboten<\/a><\/h5>\n\n\n\n<h5 class=\"wp-block-heading\"><a href=\"https:\/\/rundertisch-menschenrechte.at\/wp-content\/uploads\/2023\/09\/2020-Stellungnahme-COV19-Ma\u00b7nahmen-Auswirkungen03-Soziale-Kontakte.pdf\" data-type=\"attachment\" data-id=\"168\">2020 Auswirkungen der Ma\u00dfnahmen gegen die Covid-19-Pandemie auf soziale Kontakte<\/a><\/h5>\n\n\n\n<h5 class=\"wp-block-heading\"><a href=\"https:\/\/rundertisch-menschenrechte.at\/wp-content\/uploads\/2023\/09\/2020-Stellungnahme-COV19-Ma\u00b7nahmen-Auswirkungen02-Kinder.pdf\" data-type=\"attachment\" data-id=\"167\">2020 Auswirkungen der Ma\u00dfnahmen gegen die Covid-19- Pandemie auf Kinder: \u201eDas Recht auf Bildung\u201c<\/a> <\/h5>\n\n\n\n<h5 class=\"wp-block-heading\"><a href=\"https:\/\/rundertisch-menschenrechte.at\/wp-content\/uploads\/2023\/09\/2020-Stellungnahme-COV19-Ma\u00b7nahmen-Auswirkungen01.pdf\" data-type=\"attachment\" data-id=\"166\">2020 Auswirkungen der Ma\u00dfnahmen gegen die Covid-19- Pandemie auf Menschen in besonderen Lebenslagen<\/a><\/h5>\n\n\n\n<h5 class=\"wp-block-heading\"><a href=\"https:\/\/rundertisch-menschenrechte.at\/wp-content\/uploads\/2023\/09\/2020-Stellungnahme-Aufnahme-SWH.pdf\" data-type=\"attachment\" data-id=\"165\">2020 Stellungnahme zur geplanten \u00c4nderung der Aufnahme in den Senior:innenwohnh\u00e4usern<\/a><\/h5>\n\n\n\n<h5 class=\"wp-block-heading\"><a href=\"https:\/\/rundertisch-menschenrechte.at\/wp-content\/uploads\/2023\/09\/2017-Stellungnahme-Sbg-Gleichbehandlungsgesetz-RTMR.pdf\" data-type=\"attachment\" data-id=\"164\">2017 Stellungnahme zum Entwurf eines Gesetzes, mit dem das Salzburger Gleichbehandlungsgesetz ge\u00e4ndert wird<\/a><\/h5>\n\n\n\n<h5 class=\"wp-block-heading\"><a href=\"https:\/\/rundertisch-menschenrechte.at\/wp-content\/uploads\/2023\/09\/2017-Stellungnahme-Burkiniverbot-RTMR.pdf\" data-type=\"attachment\" data-id=\"163\">2017 Stellungnahme zur Bade- und Hausordnung f\u00fcr die Freib\u00e4der der Stadt Salzburg<\/a><\/h5>\n\n\n\n<h5 class=\"wp-block-heading\"><a href=\"https:\/\/rundertisch-menschenrechte.at\/wp-content\/uploads\/2023\/09\/2016-Stellungnahme-Behindertengesetz.pdf\" data-type=\"attachment\" data-id=\"162\">2016 Stellungnahme zum Entwurf eines Gesetzes, mit dem das Salzburger Behindertengesetz 1981 ge\u00e4ndert wird<\/a><\/h5>\n\n\n\n<h5 class=\"wp-block-heading\"><a href=\"https:\/\/rundertisch-menschenrechte.at\/wp-content\/uploads\/2023\/09\/2016-Stellungnahme-zur-Ausweitung-des-sektoralen-Bettelverbotes.pdf\" data-type=\"attachment\" data-id=\"161\">2016 Stellungnahme zur angek\u00fcndigten Ausweitung des sektoralen Bettelverbots<\/a><\/h5>\n\n\n\n<h5 class=\"wp-block-heading\"><a href=\"https:\/\/rundertisch-menschenrechte.at\/wp-content\/uploads\/2023\/09\/2016-Stellungnahme-Mindestsicherung.pdf\" data-type=\"attachment\" data-id=\"160\">2016 Stellungnahme zur Reduktion der Mindestsicherung f\u00fcr Fl\u00fcchtlinge<\/a><\/h5>\n\n\n\n<h5 class=\"wp-block-heading\"><a href=\"https:\/\/rundertisch-menschenrechte.at\/wp-content\/uploads\/2023\/09\/2016-Stellungnahme-AsylG-996-d.B.pdf\" data-type=\"attachment\" data-id=\"159\">2016 Stellungnahme zur \u00c4nderung des Asylgesetzes<\/a><\/h5>\n\n\n\n<h5 class=\"wp-block-heading\"><a href=\"https:\/\/rundertisch-menschenrechte.at\/wp-content\/uploads\/2023\/09\/2015-Stellungnahme-UntersuchungsgebAhren-RTMR.pdf\" data-type=\"attachment\" data-id=\"158\">2016 Stellungnahme zur R\u00fcckforderung von unrechtm\u00e4\u00dfig eingehobenen Untersuchungsgeb\u00fchren bei Sexarbeiter:innen<\/a><\/h5>\n\n\n\n<h5 class=\"wp-block-heading\"><a href=\"https:\/\/rundertisch-menschenrechte.at\/wp-content\/uploads\/2023\/09\/2015-Stellungnahme-stilles-Betteln-RTMR.pdf\" data-type=\"attachment\" data-id=\"157\">2015 Stellungnahme &#8222;Sektorales Bettelverbot<\/a>&#8222;<\/h5>\n\n\n\n<h5 class=\"wp-block-heading\"><a href=\"https:\/\/rundertisch-menschenrechte.at\/wp-content\/uploads\/2023\/09\/2015-Stellungnahme-RTMR-SGBG.pdf\" data-type=\"attachment\" data-id=\"156\">2015 Stellungnahme Gleichbehandlungsgesetz<\/a><\/h5>\n\n\n\n<h5 class=\"wp-block-heading\"><a href=\"https:\/\/rundertisch-menschenrechte.at\/wp-content\/uploads\/2023\/09\/2015-Stellungnahme-Rechtszugang-RTMR.pdf\" data-type=\"attachment\" data-id=\"155\">2015 Stellungnahme zu Artikel in der Krone<\/a><\/h5>\n\n\n\n<h5 class=\"wp-block-heading\"><a href=\"https:\/\/rundertisch-menschenrechte.at\/wp-content\/uploads\/2023\/09\/2015-Stellungnahme-Osterputz-RTMR.pdf\" data-type=\"attachment\" data-id=\"154\">2015 Stellungnahme zu &#8222;Osterputz&#8220;<\/a><\/h5>\n\n\n\n<h5 class=\"wp-block-heading\"><a href=\"https:\/\/rundertisch-menschenrechte.at\/wp-content\/uploads\/2023\/09\/2014-Stellungnahme-zu-Stadtbuskarten.pdf\" data-type=\"attachment\" data-id=\"153\">2014 Stellungnahme zu Stadtbuskarten<\/a><\/h5>\n\n\n\n<h5 class=\"wp-block-heading\"><a href=\"https:\/\/rundertisch-menschenrechte.at\/wp-content\/uploads\/2023\/09\/2013-Wohnversorgung-von-Asylberechtigten.pdf\" data-type=\"attachment\" data-id=\"152\">2013 Stellungnahme Wohnversorgung von Asylberechtigten<\/a><\/h5>\n\n\n\n<h5 class=\"wp-block-heading\"><a href=\"https:\/\/rundertisch-menschenrechte.at\/wp-content\/uploads\/2023\/09\/2012-Stellungnahme-zur-Aufhebung-des-Salzburger-Bettelverbotes.pdf\" data-type=\"attachment\" data-id=\"151\">2012 Stellungnahme zur Aufhebung des Salzburger Bettelverbotes<\/a><\/h5>\n\n\n\n<h5 class=\"wp-block-heading\"><a href=\"https:\/\/rundertisch-menschenrechte.at\/wp-content\/uploads\/2023\/09\/2012-Stellungnahme-SHRL-an-Abt.-3.pdf\" data-type=\"attachment\" data-id=\"150\">2012 Stellungnahme Senior:innenheimrichtlinie<\/a><\/h5>\n\n\n\n<h5 class=\"wp-block-heading\"><a href=\"https:\/\/rundertisch-menschenrechte.at\/wp-content\/uploads\/2023\/09\/2012-Stellungnahme-SeniorenheimRL.pdf\" data-type=\"attachment\" data-id=\"149\">2012 Stellungnahme Senior:innenheimRL<\/a><\/h5>\n\n\n\n<h5 class=\"wp-block-heading\"><\/h5>\n","protected":false},"excerpt":{"rendered":"<p>2023 Alter und Pflege: Situation und Empfehlungen 2023 F\u00fcr den Hohen Kommissar der Vereinten Nationen f\u00fcr Menschenrechte zum Thema \u201eKommunalverwaltungen und Menschenrechte\u201c: Deutsch Englisch 2021 Kinder und Wohnungslose als Verlierer*innen der neuen Sozialgesetzgebung 2021 Umbenennung von Stra\u00dfen dringend geboten 2021 R\u00fcckkehr zur Normalit\u00e4t f\u00fcr Kinder und Jugendliche dringend geboten 2020 Auswirkungen der Ma\u00dfnahmen gegen die &hellip; <a href=\"https:\/\/rundertisch-menschenrechte.at\/index.php\/stellungnahmen\/\" class=\"more-link\"><span class=\"screen-reader-text\">\u201eStellungnahmen\u201c<\/span> weiterlesen<\/a><\/p>\n","protected":false},"author":1,"featured_media":0,"parent":0,"menu_order":0,"comment_status":"closed","ping_status":"closed","template":"","meta":{"footnotes":""},"class_list":["post-60","page","type-page","status-publish","hentry"],"_links":{"self":[{"href":"https:\/\/rundertisch-menschenrechte.at\/index.php\/wp-json\/wp\/v2\/pages\/60","targetHints":{"allow":["GET"]}}],"collection":[{"href":"https:\/\/rundertisch-menschenrechte.at\/index.php\/wp-json\/wp\/v2\/pages"}],"about":[{"href":"https:\/\/rundertisch-menschenrechte.at\/index.php\/wp-json\/wp\/v2\/types\/page"}],"author":[{"embeddable":true,"href":"https:\/\/rundertisch-menschenrechte.at\/index.php\/wp-json\/wp\/v2\/users\/1"}],"replies":[{"embeddable":true,"href":"https:\/\/rundertisch-menschenrechte.at\/index.php\/wp-json\/wp\/v2\/comments?post=60"}],"version-history":[{"count":17,"href":"https:\/\/rundertisch-menschenrechte.at\/index.php\/wp-json\/wp\/v2\/pages\/60\/revisions"}],"predecessor-version":[{"id":494,"href":"https:\/\/rundertisch-menschenrechte.at\/index.php\/wp-json\/wp\/v2\/pages\/60\/revisions\/494"}],"wp:attachment":[{"href":"https:\/\/rundertisch-menschenrechte.at\/index.php\/wp-json\/wp\/v2\/media?parent=60"}],"curies":[{"name":"wp","href":"https:\/\/api.w.org\/{rel}","templated":true}]}}